-2) - (-8944)/2064. Let k(m) = 15*m**3 - 8*m**3 - 6 - 6*m**3 + 2 - 5*m**2. Calculate k(h).
-4
Let m(a) = -a**3 - 4*a**2 - 2*a + 2. Let j = -6876 + 6875. What is m(j)?
1
Let s(c) = c**3 - 10*c - 1. Let o be s(3). Let g(i) be the second derivative of i**4/12 + i**3/3 + 3*i**2/2 + 16*i + 1. Give g(o).
11
Let w = -61 + 73. Suppose 5*k = 5, -w*r = -9*r - 5*k + 14. Let d(f) = f**2 - 1. Let a(h) = -2*h**2 + 3*h + 1. Let i(b) = -a(b) - 4*d(b). What is i(r)?
-6
Suppose 14*l - 10*l = 3*l + 4*l. Let a(d) = -d**2 - d - 61. Determine a(l).
-61
Let z(n) = 3*n**2 + 50*n - 136. Let i be z(-19). Let d(t) = 12*t + 52. Determine d(i).
16
Let g(p) be the second derivative of p**3/6 - 17*p**2 - 4*p. Determine g(10).
-24
Let v be -3 - 13/(-26)*4/(-1). Let j(m) = -7*m + 3. Let d(i) = 9*i - 3. Let l(u) = v*j(u) - 4*d(u). Calculate l(4).
-7
Let u be (-2)/2 + (6 - -1). Let v(o) be the first derivative of -1/2*o**2 - 126 - o. What is v(u)?
-7
Let w(o) = o**3 + 22*o**2 - 25*o - 35. Let j be w(-23). Let c(n) = -20*n + j + 7 + 3 - 22. What is c(1)?
-21
Let k(b) = b. Let u(f) = 11*f**2 - 5*f. Let s(j) = -6*k(j) - u(j). Let x(v) = 29 + 0*v - 61 + 23 + v. Let o be x(8). Determine s(o).
-10
Let x(w) = -w**2 + 2*w + 1. Let m be (-142)/(-2) + -1 + (-1 - -1). Let g = -67 + m. Let t be (-10 - -5) + g/1. Calculate x(t).
-7
Let s = 9 + -7. Let n(m) = -2*m**s + 2 - 1 + 0*m**2 + m + 4*m**2. Let d be (-1)/1*(-1 - -2). Calculate n(d).
2
Let a(j) = -3*j - 1. Let i(n) = -8*n - 2. Let z(u) = -10*a(u) + 3*i(u). Suppose 0 = 301*l - 652 - 552. Give z(l).
28
Let l(m) be the first derivative of m**4/4 + 7*m**3/3 + 5*m**2/2 + 3*m - 2. Suppose -261*u - 1076 + 597 - 1087 = 0. Calculate l(u).
9
Let q be (-480)/(-540) - 38/(-18). Let w(u) = -15*u + 7. Determine w(q).
-38
Let d(s) = s**3 + 3*s**2 - 5*s - 6. Let r be d(-3). Let w(a) = 11*a**2 - 12*a - 7. Let h(i) = -5*i**2 + 5*i + 3. Let y(m) = r*h(m) + 4*w(m). What is y(-2)?
1
Let p(r) = 2*r + 74 - 3*r - 20 + 50 - 2*r. What is p(39)?
-13
Suppose -705 + 129 = -p - 17*p. Let c(x) = -x + 26. Give c(p).
-6
Suppose 0*k + 24 = 4*k - 4*n, 5*n + 18 = 2*k. Let b(v) be the second derivative of -v**4/12 - v**3/3 - v**2 + 14*v + 3. What is b(k)?
-26
Suppose 0*s + 20 = -2*t + 5*s, -t - 12 = -3*s. Let z be 4/(t + 3 + -2). Let c(x) = x - 3 - 3*x + x - z. Give c(5).
-12
Let w be 32/6 + 4/(-3). Let j be ((-6)/w)/((-12)/32). Let o(f) = 8 + 4*f**2 + j*f - 3*f**2 - 7. Give o(-3).
-2
Let r(h) be the second derivative of 3*h**5/20 - h**3/2 + h**2 - 32911*h. Suppose 0 = 4*s + w - 3, 0*s - 4*w = s + 18. Calculate r(s).
20
Suppose 48 = -4*h - p, 0 = p + 3 + 1. Let l(a) = 2*a**2 + 21*a - 6. Give l(h).
5
Let p(b) = -2*b**2 - 12*b - 13. Suppose 16*q + 236 = -43*q. Give p(q).
3
Let j(l) = -6*l**2 + 13*l - 7. Let t(w) = 11*w**2 - 27*w + 14. Let p(o) = 5*j(o) + 3*t(o). Determine p(5).
2
Let v(d) be the first derivative of d**5/60 + 13*d**4/24 + 3*d**3 - 2*d**2 + 24. Let q(z) be the third derivative of v(z). Calculate q(-11).
-9
Let w(p) be the second derivative of -p**4/12 + p**2/2 - 23*p. Let x(f) = 5*f - 13. Let g be x(2). Let l be 416/(-78) + ((-1)/g - -1). Give w(l).
-15
Suppose 5*g + 9 = -6*v + 5*v, 0 = -2*v - 8. Let b be ((4/(g - -3))/2)/(-1). Let t(x) = 5*x - 1. Give t(b).
-6
Let m = 262 + -252. Let v(u) = 4*u + 6*u - 8*u - 14. What is v(m)?
6
Let n(c) be the first derivative of 18*c - 1/2*c**2 - 29. Give n(12).
6
Let b be ((-247)/(-3458))/(2/70). Let j(i) be the first derivative of b*i**2 + i + 19. Give j(4).
21
Let c(b) = -10*b - 35. Let n(v) = 2*v + 6. Let h(j) = -c(j) - 6*n(j). Calculate h(4).
-9
Let a(y) be the second derivative of 3/2*y**3 - 5/24*y**4 + 0*y**2 - 22*y + 0 - 1/120*y**5. Let p(o) be the second derivative of a(o). Calculate p(5).
-10
Suppose 72 + 24 = 32*d. Suppose -150*z = -149*z + d. Let x(l) = -2*l + 2. What is x(z)?
8
Let w(k) = k**3 - 2*k**2 + 4*k - 5. Let c be w(2). Suppose -4*i = d - 18, -2*d + 8 = -2*i + c*i. Let j(m) = -34*m**d + 3 - 3 + 6*m + 33*m**2. Give j(5).
5
Let y = 423 - 733. Let w = -312 - y. Let s(k) = -k - 3. Determine s(w).
-1
Let m(o) = -o**2 + 24*o - 136. Suppose 0 = -z - 408*z + 10087 - 3543. Calculate m(z).
-8
Let r(m) = -3*m**2 + 79*m - 23. Let d be r(26). Let k(o) = -d - 5 - 2*o - 11*o**3 + 1 + 6 - o**2. Determine k(-1).
11
Let l(v) = v**2 - 29*v + 12. Let y be l(26). Let r be (-605)/y + -4 - 1/6. Let w(u) = -u**2 - 4*u + 6. Calculate w(r).
-39
Let c(x) = x - 4. Let u = 56 - 44. Suppose q - 20 = -2*y, 0*q - 5*q - u = -4*y. Give c(y).
4
Let f = -2272 + 2275. Let d(s) be the second derivative of 0 - s**3 + 2*s**2 + f*s - 1/12*s**4. Determine d(-7).
-3
Let t(d) be the second derivative of -1/20*d**5 + d - 57 + 9/2*d**2 + 2/3*d**4 + 2/3*d**3. Calculate t(8).
41
Suppose -4*r - 31 = 9. Let b be 2860/(-55)*(34/8 + -4). Let z = b - r. Let t(h) = -h**3 - 2*h**2 + 3*h + 4. Determine t(z).
4
Let w(a) = -a**3 - 2*a**2 + 2*a - 6. Let d(b) = -b**2 - 11*b + 1157. Let m be d(29). Determine w(m).
-3
Let t(q) be the first derivative of q**3/3 - 13*q**2/2 - 31*q + 5008. Determine t(13).
-31
Let z(f) = f**3 - 22*f**2 + 101*f - 2. Let l be z(6). Let g(t) = -3*t + 89. Give g(l).
5
Suppose -64*l + 14*l + 50 = 0. Suppose 4*i = -12, -3*x = -3*i + 1 - 19. Let c(o) = -2 + 4 - o - 1 + 13*o**x. What is c(l)?
13
Let x(f) = f**2 - 2*f - 2. Let s = 311 + -310. Let k be 9 - 0 - (s + 5). Give x(k).
1
Let d be -1 + (-248)/(-32) + 0 - 5/(-20). Let g(v) = v - 2. Let p(t) = 2*t - 4. Let c(q) = 5*g(q) - 2*p(q). Determine c(d).
5
Suppose 0 = 24*y - 50*y + 234. Let h(z) = -z**3 + 8*z**2 + 10*z + 9. Give h(y).
18
Let n(v) = -v**2 + 2*v - 7. Suppose 0 = -5*r - 28 + 78. Calculate n(r).
-87
Let n = 8 - -3. Suppose -3*f + 3*m + 13 + n = 0, 2*f - m = 11. Let z(g) be the third derivative of -g**6/120 + g**5/20 - g**3/6 + 17*g**2 + 6*g. Determine z(f).
-1
Let k(m) = m**2 - m. Suppose 60*r + 2766 = 54*r. Let q = r - -464. What is k(q)?
6
Let l be (60/(-50))/(9*(-8)/(-1440)). Let j(t) = -t**3 - 25*t**2 - 26*t - 40. Determine j(l).
8
Suppose 13*g + 2 = 14*g, 2*j + g = 162. Let k = -83 + j. Let h(n) = -2*n**2 - 5*n - 3. Give h(k).
-6
Let f(g) = -g**2 + 6*g + 3. Suppose -9*a + 788 = -13*a. Let v = 204 + a. What is f(v)?
-4
Let h(g) = -g**2 - 7*g - 8. Suppose 0 = -9*l + 5*l + 32. Suppose -i = y + l, -3*y = -2*i - y - 12. Determine h(i).
-8
Let h(w) = w**3 + w**2 - w + 5. Let c be h(0). Let z be 5*c - 0 - (-3 - -6). Let l(u) = -u + 3*u**2 + z - 3*u**2 + u**3 - 21. Determine l(2).
7
Suppose 5*w - 4*i = 4*w - 2, i = -4*w + 43. Let d be 10 - (24/w - (-10)/(-25)). Let p(z) = -2*z - 3*z - d + 6*z. What is p(0)?
-8
Let a(u) = -u**2 + 56*u - 59. Let y be a(55). Let q(r) be the second derivative of r**4/24 + r**2 + r. Let w(o) be the first derivative of q(o). Give w(y).
-4
Suppose -f = l - 6 + 2, -f = -5*l - 10. Let c(h) = -2*h**3 + 4*h**2 - 6*h + f*h - 5 + 4*h**3 - 3*h**3. Give c(4).
-9
Let n(g) = 16*g + 262. Let d be (-1269)/729*9 + 2/(-6). Determine n(d).
6
Let k(j) be the second derivative of 5/3*j**3 - 71*j + 0 + 0*j**2. Calculate k(1).
10
Let p(n) be the second derivative of 3*n**2 + 1/12*n**4 + 1/6*n**3 - 40*n + 0. Suppose 0 = -4*t + 3*t. Determine p(t).
6
Let a(j) = 4*j**3 - 3*j**2 + 2*j. Let h(k) = k**2 + 4*k + 6. Let b be h(0). Let f be (b + (-4 - -2))*2/4. Suppose 2 = 3*w - f*w. Give a(w).
24
Suppose -2*p + 0*p + 20 = 0. Let a(l) = 3*l + 158. Let o(v) = -7*v - 355. Let u(r) = 9*a(r) + 4*o(r). Give u(p).
-8
Let i(x) = 6*x**2 - 11*x + 1. Let m(d) = -7*d**2 + 14*d - 1. Let h be (58/(-145) - (-6)/(-10))*5. Let a(p) = h*m(p) - 6*i(p). Determine a(-3).
2
Let a(j) = -15*j + 61. Let p(q) = 29*q + 4296. Let r be p(-148). What is a(r)?
1
Let w = 14 + -17. Let b(x) = x + 1. Let l(y) = 3*y - 5*y - y. Let a(i) = -3*b(i) + l(i). Determine a(w).
15
Let r(i) = -i - 7. Let j(s) = -23*s + 41*s - 19 + 13*s**2 - 28*s - s**3. Let f be j(12). Suppose -f*x - 11 = -2*g + 34, 2*g = 10. Give r(x).
0
Suppose 69*f + 57*f + 6 = 120*f. Let l(d) = -3*d - 1. Let o(x) = -2*x - 1. Let g(z) = 5*l(z) - 4*o(z). Calculate g(f).
6
Let i(s) be the third derivative of -s**5/30 - 3*s**4/2 - 55*s**3/3 + 1332*s**2. Calculate i(-14).
2
Let j be ((-52)/65)/(4/(-30)). Suppose f - 5*g + j = 0, -2 = 2*g - 0*g. Let a(u) = -2*u**2 - 23*u - 10. Calculate a(f).
1
Let k(x) = x**3 - x - 4. Suppose -12*o + 8*o + 3*w - 15 = 0, 3*o 